76. List the prime factors of s.
2, 23
Let a = 107 + -103. Let k be (8/10)/((-2)/(-25)). List the prime factors of (-1496)/(-40) - a/k.
37
Let t(j) be the first derivative of 33*j**2/2 + 6*j - 22. Let v be t(3). Suppose -v + 1035 = 10*y. List the prime factors of y.
3, 31
What are the prime factors of -1*(5 + 84/(-8)*1226)?
2, 3217
Suppose -5*c + 4*g = 12, g + 2*g - 9 = 2*c. Let i(w) = 1 + 6 + 6*w + c + 3*w + 5*w**2. What are the prime factors of i(-8)?
3, 5, 17
Let f(z) = -87*z + 987. List the prime factors of f(-71).
2, 3, 199
Suppose u = 2*h + 11101, -1971*u + 5*h - 44339 = -1975*u. List the prime factors of u.
3, 3697
Let b = 262 + -295. Let r(w) = w**3 + 36*w**2 + 57*w - 4. What are the prime factors of r(b)?
2, 691
Let d(m) = 9*m + 20. Let n be d(6). Let p = n + -20. Let a = p + -39. List the prime factors of a.
3, 5
Suppose -22 = 4*k - 2*w, 2*w + 10 + 17 = -3*k. Let m = k - -10. Suppose -470 = -8*l + m*l. What are the prime factors of l?
2, 47
Suppose -3*x + 7 = 16. Suppose -k + 3*t = -93 + 235, -t - 146 = k. List the prime factors of 0 + 0 - x - k.
2, 37
Let j(v) = 17*v**2 + 285*v - 96. List the prime factors of j(41).
2, 7, 19, 151
Let x be (22 - 21)*(-1)/((-1)/1). Let q(n) = -n**3 + 18*n**2 - 19*n + 37. Let i be q(17). What are the prime factors of ((-2)/i)/(x/(-1*267))?
2, 89
List the prime factors of 192/(-18)*(-131 + 2).
2, 43
Suppose -16 = 4*w, 128*z + w + 640 = 129*z. List the prime factors of z.
2, 3, 53
Let p(u) = -144*u - 189. Let r = 191 + -197. What are the prime factors of p(r)?
3, 5
Let g = 13 + -11. Suppose 5*a - g*f - 8 = -0*f, f + 5 = 3*a. List the prime factors of (a - 1)*(0 - -1) - -41.
2, 3, 7
Suppose 3*i - 48130 - 23236 = -5*y, -2*y + 28559 = 3*i. What are the prime factors of y?
19, 751
Suppose -4*j + 174 = -2*l, -5*j - 2*l + 102 = -3*j. Let p = j + -49. List the prime factors of -3*p/(36/112).
2, 7
Let d(j) = -200*j + 534. List the prime factors of d(-27).
2, 3, 23, 43
Suppose 0*r + 5728 = 2*r - 13252. List the prime factors of r.
2, 5, 13, 73
Let k be 83607/(-58)*10/(-3). Suppose -7*g = -1236 - k. List the prime factors of g.
863
Let c(f) = -137*f - 126. Let d be c(-21). Suppose 289*i - d = 286*i. What are the prime factors of i?
7, 131
Let k = 9961 - 1622. List the prime factors of k.
31, 269
Let v(q) = 25*q**2 - 45. Let s = 35 + -42. What are the prime factors of v(s)?
2, 5, 59
Suppose 68*a - 2*g - 36959 = 67*a, -73963 = -2*a - 5*g. List the prime factors of a.
3, 12323
Let u = -67 - -81. Suppose -u*o + 128 = -10*o. Let m = o - -48. List the prime factors of m.
2, 5
Let q = 166 + -168. What are the prime factors of (1*(2 + -4))/(q/977)?
977
Let v be (1336/(-6))/(1/(0 + -3)). Let h = v + -312. What are the prime factors of h?
2, 89
Suppose -d - 2*m - 9 = 0, d + 4 + 5 = 5*m. Let k be (2 - 6)*d/(-12)*-2. Suppose -4*z = k*z - 870. List the prime factors of z.
3, 29
Let o(m) = -3172*m - 105. What are the prime factors of o(-1)?
3067
Let f(l) = 140*l + 62. Let w be f(15). Suppose m = 3*h - w - 2362, 0 = -3*h - 2*m + 4533. What are the prime factors of h?
3, 503
What are the prime factors of 1488/(-84)*(-7 + -5 + 5)?
2, 31
Let l = 2064 + -475. Let v = -938 + l. What are the prime factors of v?
3, 7, 31
Suppose 4*x - 175 = -2*s - 57, -2*x - 206 = -4*s. Let f(v) = -47*v - 25*v - s + 43*v. What are the prime factors of f(-8)?
179
What are the prime factors of (-12)/(-27) + 12624033/621?
29, 701
Let t = 19054 + -9066. What are the prime factors of t?
2, 11, 227
Suppose 6484*z - 9017265 = 6369*z. List the prime factors of z.
3, 59, 443
Suppose -8698 - 3763 = -7*z - 10*z. What are the prime factors of z?
733
Suppose 0*h - 50 = -5*h + 2*m, -20 = -2*h + m. Let z be ((-2)/h*2)/((-1)/(-5)). What are the prime factors of 336/9 + z/(-3)?
2, 19
Let m = 46917 + -25655. What are the prime factors of m?
2, 10631
Let x(d) = d**2 + 2*d - 40. Let j be x(-8). Suppose -1293 + 4629 = j*o. List the prime factors of o.
3, 139
Suppose 0 = -7*i + s - 3*s + 89351, 4*s + 38269 = 3*i. List the prime factors of i.
12763
Suppose 13*w = -9*w - 308. List the prime factors of ((-157)/2 + 3)*(w - -12).
151
Suppose -24 = 3*s - 9. Let j(b) = -2*b**3 + 3*b**2 + 4*b - 14. List the prime factors of j(s).
3, 97
Let x = 164 - 109. Let a = x - 62. What are the prime factors of (-4)/a - 14944/(-112)?
2, 67
Suppose 5*o + 10 = 4*o. Let c be ((-152)/o)/(42/105). Suppose -c = -3*a + 118. What are the prime factors of a?
2, 13
Let p = 11316 - 3684. What are the prime factors of p?
2, 3, 53
Suppose 27*d + 16560 = 47*d. Let l = d + -698. What are the prime factors of l?
2, 5, 13
Suppose 25 = -5*i, -8*z + 3*z - 3*i = -585. Suppose -z = -5*s + 235. Suppose -3*w - k + 0*k + s = 0, 0 = 4*w + 2*k - 98. List the prime factors of w.
2, 11
Let j(v) = -2*v**2 - 20. Let n be j(-15). Let r = n + 680. What are the prime factors of r?
2, 3, 5, 7
Let t be ((-33)/9 - -3) + 876/18. What are the prime factors of 1/(-5) - t/60 - -351?
2, 5, 7
Let j(i) = i**3 + 24*i**2 + 29*i - 11. Let v = 38 - 60. Let m be j(v). Suppose 4*l + 4*r - m = 209, -2*r - 653 = -5*l. What are the prime factors of l?
131
Let b be (-10)/(-35) - (-108)/14. Suppose -f + b*f = 4095. Suppose 0 = 4*k - 51 - f. List the prime factors of k.
3, 53
Let m(q) = -q + 11*q**2 - 5*q**3 + 10*q**3 - 2 - 3 - 4*q**3. Let s be m(-11). Suppose s*n = 7*n - 11. What are the prime factors of n?
11
Let b(u) = -48*u**2 + 96*u**2 + 4*u + 0*u + 0*u - 51*u**2 - 7*u**3 - 1. Suppose 5*w + 12 = -4*o, o + 4*w = -3 - 0. List the prime factors of b(o).
149
Let a(o) be the second derivative of o**5/20 - o**4/2 - 4*o**3/3 - 4*o**2 + 72*o. Suppose 3*c - 11 - 13 = 0. What are the prime factors of a(c)?
2, 7
Suppose -137 = -7*j - 18. Suppose j*y + 36 = 13*y. What are the prime factors of 4 - y/(-6)*-34?
5, 11
Suppose -5*u = -4*n + 1124, 2*u + 543 = -5*n + 1981. Let d = -112 + n. What are the prime factors of d?
2, 3, 29
Let g(a) = 16*a**2 + 20*a + 31. Let b be g(-8). Let z = -519 + b. List the prime factors of z.
2, 47
Let j(m) = -74*m + 222. What are the prime factors of j(-71)?
2, 37
Suppose -18*w = -25*w + 14. What are the prime factors of -1*(w + -15)*(-574)/(-7)?
2, 13, 41
Suppose -8*b = -9*b - 19*b. Suppose 4*r - 87*c + 92*c - 3685 = b, 0 = -3*r + 5*c + 2720. List the prime factors of r.
3, 5, 61
Suppose 2*s + 4*d - 1607 - 5451 = 0, d + 10559 = 3*s. List the prime factors of s.
7, 503
Suppose 72 = 5*h + h. What are the prime factors of (-435)/((-6)/h*2)?
3, 5, 29
Let c(g) = 327*g**2 - 7*g + 12. List the prime factors of c(11).
2, 19751
Suppose 8*k - 51 = -11. Let r(f) = f**2 - 3*f - 15. Let o be r(14). Suppose 824 - o = k*x. List the prime factors of x.
137
Let r = -2184 + 3629. List the prime factors of r.
5, 17
Suppose 2*c - 36 = 3*w + 5*c, -5*w = -4*c + 33. List the prime factors of 8 - 4435/(-9) - 2/w.
3, 167
Let n(s) = 78*s - 31. Let x be n(-5). Let g = -298 - x. List the prime factors of g.
3, 41
Let i = -1592 - -8308. List the prime factors of i.
2, 23, 73
Let x be (8/6)/(1/12). Suppose l = 9*l - x. What are the prime factors of ((-25)/10)/(l - 29/14)?
5, 7
What are the prime factors of ((-179456)/16 - 13)/(6/(-4))?
2, 19, 197
Let c(x) = -1126*x**3 + 3*x**2 - 96*x - 191. List the prime factors of c(-2).
3, 31, 97
Let h(t) = -t**3 - 7*t**2 + 84*t + 250. What are the prime factors of h(-32)?
2, 37, 313
Let q(w) = 4*w**2 + 6*w - 5. Let u be q(1). What are the prime factors of 12/2*(u - -73)?
2, 3, 13
Let k = -130 - -164. Let h(g) = 2*g**2 - 55*g + 186. What are the prime factors of h(k)?
2, 157
Let o be -4 - (-98 - -1 - 2). Let l = o + 33. Suppose -27 = -5*h + l. List the prime factors of h.
31
Suppose 4*l + 432 = -2*l. Let b = l + 72. Suppose 0 = 5*s + 4*y - 140, b = s + 2*s - 4*y - 52. List the prime factors of s.
2, 3
Suppose 151*t - 2471474 - 107002 = 0. List the prime factors of t.
2, 3, 1423
Let u(g) = 4*g**2 + 2*g. Let b be u(1). Let k(q) = 5 + 13*q - b*q - 1 - 14*q. What are the prime factors of k(-21)?
151
Let h(f) = -14*f + 6. Let t be h(4). Let j = t + 56. Suppose -a + j*q + 132 = 2*q, -3*a + 5*q = -389. What are the prime factors of a?
2
Let f be 432/(-90)*(2 + -4 - -162). Let m = -489 - f. List the prime factors of m.
3, 31
Suppose -5*d + 7*u - 10*u = -46645, -2*d = 4*u - 18672. Suppose -9000 = -34*q + d. List the prime f